tors of 783582.
2, 3, 73, 1789
List the prime factors of 7362743.
613, 12011
List the prime factors of 190199.
41, 4639
What are the prime factors of 780496?
2, 48781
List the prime factors of 5329170.
2, 3, 5, 7, 11, 769
List the prime factors of 438404.
2, 127, 863
What are the prime factors of 2126963?
2126963
List the prime factors of 178200.
2, 3, 5, 11
What are the prime factors of 1709912?
2, 23, 9293
What are the prime factors of 221216?
2, 31, 223
What are the prime factors of 460596?
2, 3, 131, 293
What are the prime factors of 489881?
7, 47, 1489
List the prime factors of 645679.
23, 67, 419
List the prime factors of 9952962.
2, 3, 1658827
What are the prime factors of 2195561?
29, 75709
What are the prime factors of 243101?
243101
List the prime factors of 93460.
2, 5, 4673
What are the prime factors of 1941469?
1941469
What are the prime factors of 1180785?
3, 5, 223, 353
What are the prime factors of 364932?
2, 3, 31, 109
What are the prime factors of 8127991?
19, 427789
What are the prime factors of 4047058?
2, 2023529
List the prime factors of 6232446.
2, 3, 11, 31477
What are the prime factors of 6295353?
3, 23, 91237
List the prime factors of 3557200.
2, 5, 8893
List the prime factors of 77154.
2, 3, 7, 11, 167
List the prime factors of 1542513.
3, 7, 73453
What are the prime factors of 1517829?
3, 383, 1321
List the prime factors of 997372.
2, 23, 37, 293
What are the prime factors of 87876?
2, 3, 2441
What are the prime factors of 2456105?
5, 41, 11981
What are the prime factors of 1878466?
2, 17, 55249
List the prime factors of 1147895.
5, 7, 32797
What are the prime factors of 2228842?
2, 7, 11, 41, 353
List the prime factors of 1404560.
2, 5, 97, 181
What are the prime factors of 10296524?
2, 7, 367733
List the prime factors of 4070027.
13, 24083
List the prime factors of 7095997.
167, 42491
What are the prime factors of 2956008?
2, 3, 11, 11197
List the prime factors of 1761029.
1761029
List the prime factors of 320186.
2, 160093
What are the prime factors of 160879?
160879
List the prime factors of 2339889.
3, 409, 1907
What are the prime factors of 146104?
2, 7, 2609
What are the prime factors of 593654?
2, 296827
List the prime factors of 1336615.
5, 7, 38189
List the prime factors of 1952095.
5, 390419
What are the prime factors of 2002127?
23, 87049
What are the prime factors of 71216?
2, 4451
List the prime factors of 8606125.
5, 11, 569
What are the prime factors of 360576?
2, 3, 313
What are the prime factors of 948706?
2, 11, 29, 1487
What are the prime factors of 729530?
2, 5, 72953
What are the prime factors of 3382731?
3, 11, 47, 727
What are the prime factors of 1960476?
2, 3, 7, 23339
List the prime factors of 17787098.
2, 7, 181501
List the prime factors of 916457.
916457
List the prime factors of 1045153.
1045153
What are the prime factors of 22348475?
5, 893939
List the prime factors of 623315.
5, 7, 11, 1619
List the prime factors of 7597558.
2, 1889, 2011
What are the prime factors of 5892095?
5, 11, 9739
What are the prime factors of 90243?
3, 37, 271
List the prime factors of 73756.
2, 18439
What are the prime factors of 1637820?
2, 3, 5, 337
List the prime factors of 325013.
13, 23, 1087
List the prime factors of 609605.
5, 121921
List the prime factors of 729742.
2, 13, 17, 127
List the prime factors of 205966.
2, 102983
What are the prime factors of 11389610?
2, 5, 1138961
List the prime factors of 1262224.
2, 78889
List the prime factors of 4726626.
2, 3, 787771
List the prime factors of 224701.
37, 6073
What are the prime factors of 7584465?
3, 5, 7, 17, 607
What are the prime factors of 2021540?
2, 5, 61, 1657
What are the prime factors of 535661?
7, 59, 1297
What are the prime factors of 592597?
592597
List the prime factors of 750146.
2, 157, 2389
What are the prime factors of 849726?
2, 3, 47207
List the prime factors of 1804070.
2, 5, 223, 809
What are the prime factors of 10882638?
2, 3, 13, 46507
List the prime factors of 23375516.
2, 1579, 3701
List the prime factors of 1818827.
241, 7547
List the prime factors of 624580.
2, 5, 11, 17, 167
What are the prime factors of 39740833?
11, 149, 24247
List the prime factors of 8034333.
3, 2678111
What are the prime factors of 242248?
2, 107, 283
What are the prime factors of 24883533?
3, 2764837
List the prime factors of 453866.
2, 7, 17, 1907
What are the prime factors of 6754431?
3, 103, 21859
List the prime factors of 4148612.
2, 13, 17, 19
What are the prime factors of 199488?
2, 3, 1039
What are the prime factors of 2034721?
13, 281, 557
What are the prime factors of 4349687?
4349687
List the prime factors of 11840.
2, 5, 37
List the prime factors of 418692.
2, 3, 23, 37, 41
What are the prime factors of 3136233?
3, 1045411
What are the prime factors of 122774?
2, 17, 23, 157
What are the prime factors of 12055998?
2, 3, 2009333
List the prime factors of 348912.
2, 3, 2423
What are the prime factors of 61653?
3, 20551
List the prime factors of 218516.
2, 54629
What are the prime factors of 33352272?
2, 3, 231613
List the prime factors of 349000.
2, 5, 349
What are the prime factors of 1722405?
3, 5, 114827
What are the prime factors of 6996134?
2, 29, 120623
What are the prime factors of 475228?
2, 13, 19, 37
What are the prime factors of 4189197?
3, 23, 109, 557
List the prime factors of 14981.
71, 211
List the prime factors of 504567.
3, 7, 8009
What are the prime factors of 14428871?
197, 73243
What are the prime factors of 4384737?
3, 7, 79, 881
List the prime factors of 7544172.
2, 3, 628681
What are the prime factors of 123963?
3, 7, 5903
List the prime factors of 3415186.
2, 1153, 1481
What are the prime factors of 6799136?
2, 179, 1187
What are the prime factors of 2890220?
2, 5, 144511
List the prime factors of 17085115.
5, 3417023
What are the prime factors of 8572?
2, 2143
What are the prime factors of 4076562?
2, 3, 7, 31, 101
List the prime factors of 292388.
2, 67, 1091
List the prime factors of 101998.
2, 13, 3923
What are the prime factors of 2530823?
227, 11149
What are the prime factors of 3920752?
2, 11, 22277
List the prime factors of 1111693.
11, 101063
What are the prime factors of 322703?
313, 1031
List the prime factors of 527075.
5, 29, 727
List the prime factors of 3669510.
2, 3, 5, 13, 97
What are the prime factors of 8739247?
11, 794477
What are the prime factors of 516601?
359, 1439
List the prime factors of 7876318.
2, 727, 5417
What are the prime factors of 38024901?
3, 233, 18133
What are the prime factors of 750443?
19, 127, 311
List the prime factors of 1234537.
1234537
List the prime factors of 1843263.
3, 233, 293
List the prime factors of 58818.
2, 3, 9803
What are the prime factors of 598051?
598051
What are the prime factors of 230635?
5, 193, 239
List the prime factors of 94794.
2, 3, 7, 37, 61
List the prime factors of 98655.
3, 5, 6577
What are the prime factors of 723740?
2, 5, 36187
List the prime factors of 306724.
2, 11, 6971
List the prime factors of 15845393.
41, 163, 2371
List the prime factors of 629702.
2, 314851
List the prime factors of 158893.
7, 22699
What are the prime factors of 1640606?
2, 11, 74573
List the prime factors of 11349268.
2, 7, 17, 113, 211
What are the prime factors of 1224793?
41, 29873
List the prime factors of 217772.
2, 54443
List the prime factors of 265798.
2, 13, 10223
What are the prime factors of 10225167?
3, 3408389
List the prime factors of 128862.
2, 3, 7159
What are the prime factors of 5824726?
2, 613, 4751
What are the prime factors of 8303784?
2, 3, 31, 11161
List the prime factors of 936410.
2, 5, 29, 3229
List the prime factors of 299564.
2, 74891
List the prime factors of 12778273.
179, 71387
List the prime factors of 1050780.
2, 3, 5, 83, 211
What are the prime factors of 678751?
809, 839
What are the prime factors of 154379?
317, 487
List the prime factors of 1863850.
2, 5, 37277
What are the prime factors of 874955?
5, 174991
What are the prime factors of 1428163?
11, 29, 37
List the prime factors of 1532416.
2, 41, 73
What are the prime factors of 643735?
5, 128747
What are the prime factors of 4094256?
2, 3, 85297
List the prime factors of 54830.
2, 5, 5483
What are the prime factors of 447635?
5, 89527
List the prime factors of 2128607.
13